{"id":1007,"date":"2026-02-14T22:17:44","date_gmt":"2026-02-14T21:17:44","guid":{"rendered":"https:\/\/www.lignesetjardins.net\/?page_id=1007"},"modified":"2026-02-28T22:15:25","modified_gmt":"2026-02-28T21:15:25","slug":"conception","status":"publish","type":"page","link":"https:\/\/www.lignesetjardins.net\/index.php\/conception\/","title":{"rendered":"Conception"},"content":{"rendered":"<p>[vc_row][vc_column][vc_custom_heading text=&#8221;&#8220;Conception&#8220;&#8221; font_container=&#8221;tag:h2|text_align:center&#8221;][vc_column_text]<\/p>\n<p style=\"text-align: center;\">La \u00ab\u00a0<strong>conception\u00a0<\/strong>\u00bb permet \u00e0 un particulier de b\u00e9n\u00e9ficier d\u2019un plan r\u00e9alis\u00e9 par un professionnel offrant une vision claire et structur\u00e9e du projet.<br \/>\nElle permet d\u2019am\u00e9nager son jardin en toute autonomie ou de confier sa r\u00e9alisation \u00e0 un paysagiste en disposant d\u2019un support pr\u00e9cis et d\u00e9taill\u00e9.<\/p>\n<p style=\"text-align: center;\">Pour un professionnel du paysage, cette prestation repr\u00e9sente une offre compl\u00e9mentaire \u00e0 forte valeur ajout\u00e9e. Elle met en avant son expertise, consolide la confiance de ses clients et favorise le d\u00e9veloppement de futurs projets d\u2019am\u00e9nagement.<\/p>\n<p>[\/vc_column_text][vc_separator border_width=&#8221;2&#8243;][vc_row_inner][vc_column_inner width=&#8221;1\/2&#8243;][vc_single_image image=&#8221;1450&#8243; img_size=&#8221;full&#8221; alignment=&#8221;right&#8221; style=&#8221;vc_box_shadow_3d&#8221;][\/vc_column_inner][vc_column_inner width=&#8221;1\/2&#8243;][vc_column_text]<strong>Premier \u00e9change<\/strong><\/p>\n<p>Nous \u00e9tablissons un premier contact par mail pour \u00e9changer vos documents.<br \/>\nVous pouvez transmettre des photos de votre jardin et de son environnement.<br \/>\nLes plans de votre terrain sont \u00e9galement importants pour bien comprendre l\u2019espace.<br \/>\nLe questionnaire rempli nous aide \u00e0 cerner vos attentes avec pr\u00e9cision.<br \/>\nCette \u00e9tape permet de pr\u00e9parer efficacement la visite sur site.<br \/>\nElle assure une approche parfaitement adapt\u00e9e \u00e0 votre projet et \u00e0 vos envies.<br \/>\nLe temps pass\u00e9 lors du rendez-vous est ainsi optimis\u00e9.<br \/>\nNous pouvons envisager les grandes lignes de votre futur jardin.<br \/>\nL\u2019objectif est de poser des bases claires et personnalis\u00e9es pour votre projet.[\/vc_column_text][\/vc_column_inner][\/vc_row_inner][\/vc_column][\/vc_row][vc_row][vc_column width=&#8221;1\/2&#8243;][vc_column_text]<\/p>\n<p style=\"text-align: right;\"><strong>Visite \u00e0 votre domicile \u2013 dur\u00e9e estim\u00e9e : 2h<\/strong><\/p>\n<p style=\"text-align: right;\">Lors de cette premi\u00e8re rencontre, nous r\u00e9alisons une analyse compl\u00e8te de votre ext\u00e9rieur afin d\u2019en comprendre toutes les sp\u00e9cificit\u00e9s. Nous \u00e9tudions les volumes et les espaces disponibles, observons les expositions pour identifier les zones ensoleill\u00e9es et ombrag\u00e9es, et optimisons les circulations pour allier praticit\u00e9 et esth\u00e9tisme. Nous prenons \u00e9galement en compte les vis-\u00e0-vis pour pr\u00e9server votre intimit\u00e9 et \u00e9valuons le potentiel paysager, en consid\u00e9rant le sol, la v\u00e9g\u00e9tation existante et les opportunit\u00e9s d\u2019am\u00e9nagement. Cet \u00e9change approfondi nous permet de cerner vos attentes, vos envies et vos contraintes pour co-construire un projet sur mesure. Ensemble, nous d\u00e9finissons les grandes lignes de votre futur jardin, en harmonie avec votre style de vie et l\u2019identit\u00e9 de votre espace.<\/p>\n<p>[\/vc_column_text][\/vc_column][vc_column width=&#8221;1\/2&#8243;][vc_single_image image=&#8221;1342&#8243; img_size=&#8221;full&#8221; style=&#8221;vc_box_shadow_3d&#8221;][\/vc_column][\/vc_row][vc_row][vc_column width=&#8221;1\/2&#8243;][vc_single_image image=&#8221;1391&#8243; img_size=&#8221;full&#8221; alignment=&#8221;right&#8221; style=&#8221;vc_box_shadow_3d&#8221;][\/vc_column][vc_column width=&#8221;1\/2&#8243;][vc_column_text]<strong>Cr\u00e9ation de votre projet paysager<\/strong><\/p>\n<p>Vous recevez un dossier complet comprenant :<\/p>\n<p>\u2714 Un plan explicatif illustr\u00e9 avec photos des mat\u00e9riaux s\u00e9lectionn\u00e9s<br \/>\n\u2714 Un plan de plantations avec photos des v\u00e9g\u00e9taux propos\u00e9s<br \/>\n\u2714 Des vues 3D r\u00e9alistes pour vous projeter pleinement<br \/>\n\u2714 Un plan cot\u00e9 avec indication des surfaces<br \/>\n\u2714 Un descriptif d\u00e9taill\u00e9 du projet<br \/>\n\u2714 Des fiches illustr\u00e9es des v\u00e9g\u00e9taux<br \/>\n\u2714 Des fiches mat\u00e9riaux avec estimation budg\u00e9taire indicative<br \/>\n\u2714 Un document de conseils d\u2019entretien pour assurer la p\u00e9rennit\u00e9 de votre jardin[\/vc_column_text][\/vc_column][\/vc_row][vc_row][vc_column width=&#8221;1\/2&#8243;][vc_column_text]<\/p>\n<p style=\"text-align: right;\"><strong>Pr\u00e9sentation du projet \u00e0 domicile \u2013 dur\u00e9e estim\u00e9e : 1h<\/strong><\/p>\n<p style=\"text-align: right;\">Je me d\u00e9place chez vous pour vous pr\u00e9senter le projet en d\u00e9tail.<br \/>\nChaque choix d\u2019am\u00e9nagement vous est expliqu\u00e9 clairement.<br \/>\nNous passons en revue l\u2019organisation des espaces et des v\u00e9g\u00e9taux.<br \/>\nJe vous montre comment les volumes et les perspectives ont \u00e9t\u00e9 pens\u00e9s.<br \/>\nDes ajustements pourront \u00eatre envisag\u00e9s pour correspondre \u00e0 vos envies.<br \/>\nCette rencontre permet d\u2019affiner le projet avant sa r\u00e9alisation.<br \/>\nL\u2019objectif est de vous offrir une vision claire de votre futur jardin.<\/p>\n<p>[\/vc_column_text][\/vc_column][vc_column width=&#8221;1\/2&#8243;][vc_single_image image=&#8221;1496&#8243; img_size=&#8221;full&#8221; style=&#8221;vc_box_shadow_3d&#8221;][\/vc_column][\/vc_row][vc_row][vc_column][vc_row_inner][vc_column_inner width=&#8221;1\/2&#8243;][vc_single_image image=&#8221;1458&#8243; img_size=&#8221;full&#8221; alignment=&#8221;right&#8221; style=&#8221;vc_box_shadow_3d&#8221;][\/vc_column_inner][vc_column_inner width=&#8221;1\/2&#8243;][vc_column_text]<strong>Visite de suivi \u2013 dur\u00e9e estim\u00e9e : 2h<\/strong><\/p>\n<p style=\"text-align: left;\">\u00c0 l\u2019issue des travaux, je me d\u00e9place \u00e0 nouveau dans votre jardin.<br \/>\nCette rencontre permet de faire le point sur les am\u00e9nagements r\u00e9alis\u00e9s.<br \/>\nJe vous apporte des conseils personnalis\u00e9s et adapt\u00e9s \u00e0 votre espace.<br \/>\nNous v\u00e9rifions ensemble la bonne mise en \u0153uvre du projet.<br \/>\nDes recommandations sont donn\u00e9es pour favoriser le bon d\u00e9veloppement des plantations.<br \/>\nJe vous guide \u00e9galement sur les gestes d\u2019entretien \u00e0 privil\u00e9gier.<br \/>\nCette visite vous aide \u00e0 p\u00e9renniser votre nouvel am\u00e9nagement.<\/p>\n<p>[\/vc_column_text][\/vc_column_inner][\/vc_row_inner][vc_text_separator title=&#8221;Tarif : 890 \u20ac&#8221; border_width=&#8221;2&#8243;][\/vc_column][\/vc_row][vc_row][vc_column][vc_column_text]<strong>Options :<\/strong><\/p>\n<ul>\n<li>Accompagnement en p\u00e9pini\u00e8re (choix des v\u00e9g\u00e9taux) \u2013 pr\u00e9voir 2h : 90 \u20ac<\/li>\n<\/ul>\n<p><em>Je vous guiderai\u00a0 pas \u00e0 pas dans le choix des v\u00e9g\u00e9taux les mieux adapt\u00e9s \u00e0 votre sol, votre climat et vos attentes esth\u00e9tiques. Ensemble, nous s\u00e9lectionnerons des plantes r\u00e9sistantes, harmonieuses et en accord avec l\u2019ambiance que vous souhaitez cr\u00e9er. Ce moment est aussi l\u2019occasion de vous conseiller sur les associations de plantes, les p\u00e9riodes de floraison et les besoins en entretien.<\/em><\/p>\n<ul>\n<li>Chargement et livraison des v\u00e9g\u00e9taux avec location d\u2019un v\u00e9hicule : 90 \u20ac<\/li>\n<\/ul>\n<p><em>A partir de la p\u00e9pini\u00e8re , chargement et d\u00e9chargement \u00e0 votre domicile.<\/em><\/p>\n<ul>\n<li>Placement des v\u00e9g\u00e9taux dans votre jardin \u2013 pr\u00e9voir 2h : 90 \u20ac<\/li>\n<\/ul>\n<p><em>Positionner chaque plante en prenant soin de cr\u00e9er des compositions harmonieuses. Je joue sur les hauteurs, les couleurs et les textures. Il ne vous restera plus qu\u2019\u00e0 planter.<\/em><\/p>\n<ul>\n<li>Suivi annuel du jardin \u2013 pr\u00e9voir 2h : 90 \u20ac<\/li>\n<\/ul>\n<p>D\u00e8s que vous en aurez besoin, je vous propose un suivi personnalis\u00e9 de votre jardin : Vous conseiller sur les soins essentiels (taille, fertilisation &#8230;) afin de pr\u00e9server la sant\u00e9 et la beaut\u00e9 de vos v\u00e9g\u00e9taux. Vous accompagner dans l\u2019entretien et l\u2019\u00e9volution de votre jardin, en fonction de vos envie.[\/vc_column_text][\/vc_column][\/vc_row]<\/p>\n","protected":false},"excerpt":{"rendered":"<p>[vc_row][vc_column][vc_custom_heading text=&#8221;&#8220;Conception&#8220;&#8221; font_container=&#8221;tag:h2|text_align:center&#8221;][vc_column_text] La \u00ab\u00a0conception\u00a0\u00bb permet \u00e0 un particulier de  [&#8230;]<\/p>\n","protected":false},"author":1,"featured_media":0,"parent":0,"menu_order":0,"comment_status":"closed","ping_status":"closed","template":"elementor_theme","meta":{"two_page_speed":[],"footnotes":""},"class_list":["post-1007","page","type-page","status-publish","hentry"],"yoast_head":"<!-- This site is optimized with the Yoast SEO plugin v27.0 - https:\/\/yoast.com\/product\/yoast-seo-wordpress\/ -->\n<title>Conception -<\/title>\n<meta name=\"robots\" content=\"index, follow, max-snippet:-1, max-image-preview:large, max-video-preview:-1\" \/>\n<link rel=\"canonical\" href=\"https:\/\/www.lignesetjardins.net\/index.php\/conception\/\" \/>\n<meta property=\"og:locale\" content=\"fr_FR\" \/>\n<meta property=\"og:type\" content=\"article\" \/>\n<meta property=\"og:title\" content=\"Conception -\" \/>\n<meta property=\"og:description\" content=\"[vc_row][vc_column][vc_custom_heading text=&#8221;&#8220;Conception&#8220;&#8221; font_container=&#8221;tag:h2|text_align:center&#8221;][vc_column_text] La \u00ab\u00a0conception\u00a0\u00bb permet \u00e0 un particulier de [...]\" \/>\n<meta property=\"og:url\" content=\"https:\/\/www.lignesetjardins.net\/index.php\/conception\/\" \/>\n<meta property=\"article:modified_time\" content=\"2026-02-28T21:15:25+00:00\" \/>\n<meta name=\"twitter:card\" content=\"summary_large_image\" \/>\n<meta name=\"twitter:label1\" content=\"Dur\u00e9e de lecture estim\u00e9e\" \/>\n\t<meta name=\"twitter:data1\" content=\"4 minutes\" \/>\n<script type=\"application\/ld+json\" class=\"yoast-schema-graph\">{\"@context\":\"https:\/\/schema.org\",\"@graph\":[{\"@type\":\"WebPage\",\"@id\":\"https:\/\/www.lignesetjardins.net\/index.php\/conception\/\",\"url\":\"https:\/\/www.lignesetjardins.net\/index.php\/conception\/\",\"name\":\"Conception -\",\"isPartOf\":{\"@id\":\"https:\/\/www.lignesetjardins.net\/#website\"},\"datePublished\":\"2026-02-14T21:17:44+00:00\",\"dateModified\":\"2026-02-28T21:15:25+00:00\",\"breadcrumb\":{\"@id\":\"https:\/\/www.lignesetjardins.net\/index.php\/conception\/#breadcrumb\"},\"inLanguage\":\"fr-FR\",\"potentialAction\":[{\"@type\":\"ReadAction\",\"target\":[\"https:\/\/www.lignesetjardins.net\/index.php\/conception\/\"]}]},{\"@type\":\"BreadcrumbList\",\"@id\":\"https:\/\/www.lignesetjardins.net\/index.php\/conception\/#breadcrumb\",\"itemListElement\":[{\"@type\":\"ListItem\",\"position\":1,\"name\":\"Accueil\",\"item\":\"https:\/\/www.lignesetjardins.net\/\"},{\"@type\":\"ListItem\",\"position\":2,\"name\":\"Conception\"}]},{\"@type\":\"WebSite\",\"@id\":\"https:\/\/www.lignesetjardins.net\/#website\",\"url\":\"https:\/\/www.lignesetjardins.net\/\",\"name\":\"\",\"description\":\"\",\"potentialAction\":[{\"@type\":\"SearchAction\",\"target\":{\"@type\":\"EntryPoint\",\"urlTemplate\":\"https:\/\/www.lignesetjardins.net\/?s={search_term_string}\"},\"query-input\":{\"@type\":\"PropertyValueSpecification\",\"valueRequired\":true,\"valueName\":\"search_term_string\"}}],\"inLanguage\":\"fr-FR\"}]}<\/script>\n<!-- \/ Yoast SEO plugin. -->","yoast_head_json":{"title":"Conception -","robots":{"index":"index","follow":"follow","max-snippet":"max-snippet:-1","max-image-preview":"max-image-preview:large","max-video-preview":"max-video-preview:-1"},"canonical":"https:\/\/www.lignesetjardins.net\/index.php\/conception\/","og_locale":"fr_FR","og_type":"article","og_title":"Conception -","og_description":"[vc_row][vc_column][vc_custom_heading text=&#8221;&#8220;Conception&#8220;&#8221; font_container=&#8221;tag:h2|text_align:center&#8221;][vc_column_text] La \u00ab\u00a0conception\u00a0\u00bb permet \u00e0 un particulier de [...]","og_url":"https:\/\/www.lignesetjardins.net\/index.php\/conception\/","article_modified_time":"2026-02-28T21:15:25+00:00","twitter_card":"summary_large_image","twitter_misc":{"Dur\u00e9e de lecture estim\u00e9e":"4 minutes"},"schema":{"@context":"https:\/\/schema.org","@graph":[{"@type":"WebPage","@id":"https:\/\/www.lignesetjardins.net\/index.php\/conception\/","url":"https:\/\/www.lignesetjardins.net\/index.php\/conception\/","name":"Conception -","isPartOf":{"@id":"https:\/\/www.lignesetjardins.net\/#website"},"datePublished":"2026-02-14T21:17:44+00:00","dateModified":"2026-02-28T21:15:25+00:00","breadcrumb":{"@id":"https:\/\/www.lignesetjardins.net\/index.php\/conception\/#breadcrumb"},"inLanguage":"fr-FR","potentialAction":[{"@type":"ReadAction","target":["https:\/\/www.lignesetjardins.net\/index.php\/conception\/"]}]},{"@type":"BreadcrumbList","@id":"https:\/\/www.lignesetjardins.net\/index.php\/conception\/#breadcrumb","itemListElement":[{"@type":"ListItem","position":1,"name":"Accueil","item":"https:\/\/www.lignesetjardins.net\/"},{"@type":"ListItem","position":2,"name":"Conception"}]},{"@type":"WebSite","@id":"https:\/\/www.lignesetjardins.net\/#website","url":"https:\/\/www.lignesetjardins.net\/","name":"","description":"","potentialAction":[{"@type":"SearchAction","target":{"@type":"EntryPoint","urlTemplate":"https:\/\/www.lignesetjardins.net\/?s={search_term_string}"},"query-input":{"@type":"PropertyValueSpecification","valueRequired":true,"valueName":"search_term_string"}}],"inLanguage":"fr-FR"}]}},"_links":{"self":[{"href":"https:\/\/www.lignesetjardins.net\/index.php\/wp-json\/wp\/v2\/pages\/1007","targetHints":{"allow":["GET"]}}],"collection":[{"href":"https:\/\/www.lignesetjardins.net\/index.php\/wp-json\/wp\/v2\/pages"}],"about":[{"href":"https:\/\/www.lignesetjardins.net\/index.php\/wp-json\/wp\/v2\/types\/page"}],"author":[{"embeddable":true,"href":"https:\/\/www.lignesetjardins.net\/index.php\/wp-json\/wp\/v2\/users\/1"}],"replies":[{"embeddable":true,"href":"https:\/\/www.lignesetjardins.net\/index.php\/wp-json\/wp\/v2\/comments?post=1007"}],"version-history":[{"count":24,"href":"https:\/\/www.lignesetjardins.net\/index.php\/wp-json\/wp\/v2\/pages\/1007\/revisions"}],"predecessor-version":[{"id":1538,"href":"https:\/\/www.lignesetjardins.net\/index.php\/wp-json\/wp\/v2\/pages\/1007\/revisions\/1538"}],"wp:attachment":[{"href":"https:\/\/www.lignesetjardins.net\/index.php\/wp-json\/wp\/v2\/media?parent=1007"}],"curies":[{"name":"wp","href":"https:\/\/api.w.org\/{rel}","templated":true}]}}